{"id":1660,"date":"2024-07-07T10:30:43","date_gmt":"2024-07-07T10:30:43","guid":{"rendered":"https:\/\/psikodramamerkezi.com\/?page_id=1660"},"modified":"2024-07-07T10:30:43","modified_gmt":"2024-07-07T10:30:43","slug":"eylemciler","status":"publish","type":"page","link":"https:\/\/psikodramamerkezi.com\/index.php\/eylemciler\/","title":{"rendered":"EYLEMC\u0130LER"},"content":{"rendered":"<section class=\"wpb-content-wrapper\">[vc_row][vc_column][vc_empty_space height=&#8221;50px&#8221;][vc_column_text]<strong>\u00a0 \u00a0 \u00a0 \u00a0 \u00a0 \u00a0 \u00a0 \u00a0 \u00a0 \u00a0 \u00a0 \u00a0 \u00a0 \u00a0 \u00a0 \u00a0 \u00a0 \u00a0 \u00a0 \u00a0 \u00a0 \u00a0 \u00a0 \u00a0 \u00a0 \u00a0 \u00a0 \u00a0 \u00a0 \u00a0 \u00a0 \u00a0 \u00a0 \u00a0 \u00a0 \u00a0 \u00a0 \u00a0 \u00a0 \u00a0 \u00a0 \u00a0 \u00a0 \u00a0 \u00a0 \u00a0 \u00a0 \u00a0 \u00a0 \u00a0 \u00a0 \u00a0 \u00a0 \u00a0 \u00a0 \u00a0 \u00a0 \u00a0 \u00a0 \u00a0 \u00a0<\/strong><strong>EYLEMC\u0130LER<\/strong><\/p>\n<p>&nbsp;<\/p>\n<p>\u00d6mer ba\u015f\u0131n\u0131 sallar: &#8220;Biz davran\u0131\u015flar sergileriz. Kural koyucular\u0131m\u0131z bize nas\u0131l davranmam\u0131z gerekti\u011fini s\u00f6yler ve yarg\u0131\u00e7lar\u0131m\u0131z da buna g\u00f6re bizi onaylar ya da su\u00e7lar. Rollerimizin gerektirdi\u011fi gibi davran\u0131r ve kar\u015f\u0131l\u0131k veririz. \u00d6vg\u00fc ve azarlama, bizden bekleneni yapmam\u0131z\u0131 sa\u011flayan geri bildirimlerdir. Planlar, zaman \u00e7izelgeleri, s\u0131navlar, de\u011ferlendirmeler, sonu\u00e7lar vard\u0131r.<\/p>\n<p>Kar\u015f\u0131 \u00e7\u0131kar\u0131z. Yalan s\u00f6yleriz, hile yapar\u0131z, aldat\u0131r\u0131z, yasalar\u0131n alt\u0131n\u0131 oyar\u0131z, otoriteleri k\u00fc\u00e7\u00fcmseriz. \u0130syan, anar\u015fi, olan\u0131 makul g\u00f6rme, y\u0131k\u0131m vard\u0131r.<\/p>\n<p>Yarat\u0131r\u0131z, oynar\u0131z, resim yapar\u0131z, opera s\u00f6yleriz, \u015fiir yazar\u0131z. Y\u0131ld\u0131z Sava\u015flar\u0131&#8217;n\u0131, Mickey Fare\u2019yi, izafiyet teorisini icat ederiz. Daha iyi d\u00fcnyalar hayal eder, d\u00fcnyay\u0131 televizyondan izleriz. Evimizden d\u0131\u015far\u0131 \u00e7\u0131kmay\u0131z.<\/p>\n<p>Bunlar insano\u011flunun yapabildiklerinin sadece k\u00fc\u00e7\u00fck bir k\u0131sm\u0131.<\/p>\n<p>Acaba sadece ben olan ve kesinlikle \u00e7er\u00e7evelenmemi\u015f bir par\u00e7am var m\u0131? Elbette fark\u0131ndal\u0131\u011f\u0131 kullanarak, ben olmayan ama d\u0131\u015far\u0131dan gelen her t\u00fcrl\u00fc etkiyle i\u00e7ime yerle\u015ftirilenleri ad\u0131m ad\u0131m de\u011ferlendirebilece\u011fimizi umuyoruz. Ben bunu de\u011fi\u015ftirebilirim belki ama ne kadar\u0131n\u0131n bir g\u0131da gibi sindirilip benim bir par\u00e7am haline geldi\u011fini asla bilemeyece\u011fim. S\u00fcrekli olarak \u00f6\u011fretilere, imalara, telkinlere, iknalara, propagandalara maruz kal\u0131yoruz ve bunlar\u0131n zehirli olup olmad\u0131\u011f\u0131n\u0131n fark\u0131na bile varam\u0131yoruz bazen.<\/p>\n<p>En b\u00fcy\u00fck \u00e7er\u00e7eve ile nas\u0131l ba\u015fa \u00e7\u0131k\u0131l\u0131r? Dil. D\u0131\u015f d\u00fcnya hakk\u0131nda bildiklerimizin \u00e7o\u011funu dil arac\u0131l\u0131\u011f\u0131yla \u00f6\u011frendik. Kelimeler bize hi\u00e7 g\u00f6rmedi\u011fimiz ve deneyimlemedi\u011fimiz \u015feyleri anlat\u0131r. Peru ve Nepal&#8217;e hi\u00e7 gitmeden oralar hakk\u0131nda bilgi edindim. Tarihi ya da felsefeyi ele alal\u0131m. Antropolojiyi be\u015f duyumla nas\u0131l deneyimleyebilir ve alg\u0131layabilirim? \u0130nanmay\u0131 \u00f6\u011frendim. Bu arada ne kadar \u00e7ok inanc\u0131n yerine yenileri geldi. D\u00fcnya nihayet yuvarlak ve art\u0131k d\u00fcz de\u011fil. Ba\u015fka ne olabilir ki?\u00a0 Ger\u00e7ekli\u011fin ne oldu\u011funu, bilincin ne oldu\u011funu ve bilin\u00e7d\u0131\u015f\u0131n\u0131n bilin\u00e7d\u0131\u015f\u0131 olarak kald\u0131\u011f\u0131n\u0131 kimse s\u00f6yleyemez.&#8221;<\/p>\n<p>Lale, onun ger\u00e7ekten karanl\u0131k bir ruh hali i\u00e7inde oldu\u011funu d\u00fc\u015f\u00fcnd\u00fc. Bir s\u00fcre sonra aya\u011fa kalk\u0131p, kitapl\u0131\u011f\u0131nda bir \u015feyler aram\u0131\u015f ve k\u00fc\u00e7\u00fck bir kitap\u00e7\u0131kla geri d\u00f6nm\u00fc\u015ft\u00fc. Rastgele bir sayfa a\u00e7t\u0131 ve y\u00fcksek sesle okumas\u0131n\u0131 istedi.<\/p>\n<p>\u00d6mer k\u0131sa bir bak\u0131\u015f at\u0131p reddetti. Bu Lale\u2019nin el yaz\u0131s\u0131 g\u00fcnl\u00fc\u011f\u00fcyd\u00fc. &#8220;Mesaj\u0131 ald\u0131m,&#8221; dedi ona, &#8220;Bu sensin, hi\u00e7 \u015f\u00fcphesiz. \u00c7ok samimi, kendimi davetsiz misafir gibi hissediyorum. Bu senin i\u00e7 d\u00fcnyan\u0131 temsil ediyor ve ger\u00e7ek. Hi\u00e7 \u015f\u00fcphem yok. Gen\u00e7lik y\u0131llar\u0131mda bir g\u00fcnl\u00fck yazd\u0131\u011f\u0131m\u0131 hat\u0131rl\u0131yorum ve kitap\u00e7\u0131\u011f\u0131mda onu kapatabilece\u011fim bir anahtar bile vard\u0131. Ailem mahremiyetime sayg\u0131 duydu\u011fu i\u00e7in bunu hi\u00e7 yapmad\u0131m. Ona ne oldu\u011funu merak ediyorum. \u015eimdi onu bulmay\u0131 ne kadar isterdim. Ama kesinlikle ertesi g\u00fcn bir defter alaca\u011f\u0131m ve yeniden ba\u015flayaca\u011f\u0131m. Ne \u015fans ama. Bunu nas\u0131l unutabilirim. Hat\u0131rlatt\u0131\u011f\u0131n i\u00e7in te\u015fekk\u00fcr ederim.&#8221;<\/p>\n<p>Lale g\u00fcnl\u00fc\u011f\u00fcn\u00fc sessizce bir kenara koydu. Sonra ona \u015f\u00f6yle dedi. &#8220;Psikodramada ki\u015finin i\u00e7 d\u00fcnyas\u0131n\u0131, d\u00fc\u015f\u00fcncelerini ve duygular\u0131n\u0131 do\u011frudan d\u0131\u015f d\u00fcnyaya ifade etmesine \u00e7ok yakla\u015fan bir yol kullanabiliriz. Bu &#8216;i\u00e7 monolog&#8217; ya da &#8216;kendi kendine konu\u015fma&#8217;d\u0131r. G\u00fcnl\u00fc\u011f\u00fcme yazd\u0131klar\u0131m \u00e7o\u011funlukla meditasyon y\u00f6ntemimden sonra i\u00e7 monologdur. Bir r\u00fcyan\u0131n par\u00e7alar\u0131n\u0131 yazmaya \u00e7ok benzer. Her ikisi de bilin\u00e7d\u0131\u015f\u0131yla yak\u0131ndan ilgilidir.&#8221;<\/p>\n<p>\u0130\u00e7 monolog yeni ba\u015flayanlar i\u00e7in kullan\u0131lmamal\u0131d\u0131r. Dikkatli bir haz\u0131rl\u0131k gerektirir. Grupta y\u00fcksek d\u00fczeyde g\u00fcven, a\u00e7\u0131kl\u0131k ve fark\u0131ndal\u0131k olmal\u0131d\u0131r. Bir psikodrama y\u00f6neticisinin i\u00e7 monolo\u011fu tam olarak ne zaman \u00f6nerece\u011fini hissetmesi zordur. \u0130yi bir empatiye ve protagoniste g\u00fcvene ihtiya\u00e7 vard\u0131r. Yeterli cesareti toplamak i\u00e7in bir teredd\u00fct an\u0131 olacakt\u0131r. Bu nedenle sab\u0131rla e\u015fleme pozisyonuna ge\u00e7ilir ve sessizce protagoniste destek verilir. Nas\u0131l geli\u015firse geli\u015fsin, hi\u00e7bir m\u00fcdahalede bulunulmamal\u0131d\u0131r. B\u00fcy\u00fck olas\u0131l\u0131kla protagonist, &#8216;zihinsel sahnenin i\u00e7indeyken&#8217; zihni kapal\u0131 g\u00f6r\u00fcnebilir, ki bu do\u011frudur.<\/p>\n<p>\u00d6mer araya girer: &#8220;Bunun tiyatro tekni\u011fi olan &#8216;kenardan konu\u015fma&#8217; ile bir ilgisi yok san\u0131r\u0131m.<\/p>\n<p>Oyuncu bir \u015feyi a\u00e7\u0131ktan s\u00f6yler, ba\u015fka bir \u015feyi kenardan s\u00f6yler, b\u00f6ylece yalan ve ger\u00e7ek yan yana g\u00f6r\u00fcn\u00fcr. &#8220;Bu gece muhte\u015fem g\u00f6r\u00fcn\u00fcyorsun can\u0131m&#8221;, kenardan, &#8220;\u00c7ok \u015fi\u015fmans\u0131n, tombulum.&#8221;<\/p>\n<p>Olduk\u00e7a geli\u015fmi\u015f bir gruptaki bir olay\u0131 hat\u0131rl\u0131yorum. Buna sadece beden ifadelerini kullanan sessiz bir i\u00e7 monolog diyebilirim. Asl\u0131nda bir do\u011fa\u00e7lama olarak tasarlanm\u0131\u015ft\u0131. Bilirsiniz, bir ki\u015fi sahneye \u00e7\u0131kar, ard\u0131ndan ikinci ve son olarak \u00fc\u00e7\u00fcnc\u00fc ki\u015fi gelir. Ama bu grupta birincisi tek ba\u015f\u0131na kald\u0131. \u0130kincinin neden ortaya \u00e7\u0131kmad\u0131\u011f\u0131n\u0131 anlamad\u0131m. Tam m\u00fcdahale edecektim ki adam birden kaskat\u0131 kesildi, sonra yava\u015f\u00e7a dizlerinin \u00fczerine \u00e7\u00f6kt\u00fc. Hemen bir hik\u00e2ye uydurmaya ba\u015flad\u0131m ama sonra bundan vazge\u00e7ip sadece izlemeye karar verdim. T\u00fcm hareketler a\u011f\u0131r \u00e7ekimdeydi. Yerde k\u0131vran\u0131p duruyordu, bunu g\u00f6rmek \u00fcz\u00fcc\u00fcyd\u00fc ve samimiydi, bu bir \u015fov de\u011fildi. Bir s\u00fcre sonra sakinle\u015fti ve topuklar\u0131n\u0131n \u00fczerinde oturur pozisyona geldi. Sol elinin avu\u00e7 i\u00e7ini a\u00e7t\u0131, yo\u011fun bir \u015fekilde bakt\u0131 ve ard\u0131ndan sa\u011f yumru\u011fuyla \u00e7ok h\u0131zl\u0131 bir \u015fekilde vurdu. Bu hareketi birka\u00e7 kez tekrarlad\u0131. Her zaman ciddi bir y\u00fcz ifadesini korudu. Sonra kollar\u0131n\u0131 s\u0131kar ya da sar\u0131l\u0131r gibi g\u00f6vdesine dolad\u0131. Bu \u015fekilde kendini s\u0131k\u0131ca tutarak yava\u015f\u00e7a yana d\u00fc\u015ft\u00fc. Bu yuvarlanm\u0131\u015f pozisyondan tekrar oturur pozisyona ge\u00e7ti, hepsi a\u011f\u0131r \u00e7ekimdeydi.\u00a0 Ve bu \u015fekilde kald\u0131, ba\u015fka hi\u00e7bir hareket veya ba\u015fka bir ifade yoktu.<\/p>\n<p>Bu t\u00fcr bir katatoni uzad\u0131\u011f\u0131nda gruba sessizce odadan \u00e7\u0131kmalar\u0131 ve onu yaln\u0131z b\u0131rakmalar\u0131 i\u00e7in i\u015faret verdim. Ama beni \u015fa\u015f\u0131rtacak \u015fekilde yaln\u0131z kalmad\u0131. Son g\u00f6rd\u00fc\u011f\u00fcm, genellikle anne olarak se\u00e7ilen bir kad\u0131n\u0131n geride kal\u0131p elini dizine koydu\u011fuydu. Neyse ki \u00f6\u011flen molas\u0131 vakti gelmi\u015fti. Sonras\u0131nda hi\u00e7bir geri bildirim ya da yorum yapmadan devam ettik. G\u00fcnl\u00fc\u011f\u00fcn\u00fc okumad\u0131\u011f\u0131m gibi, bu adama da ne ya\u015fad\u0131\u011f\u0131n\u0131 hi\u00e7 sormad\u0131m.[\/vc_column_text][vc_empty_space height=&#8221;40px&#8221;][\/vc_column][\/vc_row]\n<\/section>","protected":false},"excerpt":{"rendered":"<p>[vc_row][vc_column][vc_empty_space height=&#8221;50px&#8221;][vc_column_text]\u00a0 \u00a0 \u00a0 \u00a0 \u00a0 \u00a0 \u00a0 \u00a0 \u00a0 \u00a0 \u00a0 \u00a0 \u00a0 \u00a0 \u00a0 \u00a0 \u00a0 \u00a0 \u00a0 \u00a0 \u00a0 \u00a0 \u00a0 \u00a0 \u00a0 \u00a0 \u00a0 \u00a0 \u00a0 \u00a0 \u00a0 \u00a0 \u00a0 \u00a0 \u00a0 \u00a0 \u00a0 \u00a0 \u00a0 \u00a0 \u00a0 \u00a0 \u00a0 \u00a0 \u00a0 \u00a0 \u00a0 \u00a0 \u00a0 \u00a0 \u00a0 \u00a0 \u00a0 \u00a0 [&hellip;]<\/p>\n","protected":false},"author":1,"featured_media":0,"parent":0,"menu_order":0,"comment_status":"closed","ping_status":"closed","template":"","meta":{"footnotes":""},"class_list":["post-1660","page","type-page","status-publish","hentry"],"_links":{"self":[{"href":"https:\/\/psikodramamerkezi.com\/index.php\/wp-json\/wp\/v2\/pages\/1660","targetHints":{"allow":["GET"]}}],"collection":[{"href":"https:\/\/psikodramamerkezi.com\/index.php\/wp-json\/wp\/v2\/pages"}],"about":[{"href":"https:\/\/psikodramamerkezi.com\/index.php\/wp-json\/wp\/v2\/types\/page"}],"author":[{"embeddable":true,"href":"https:\/\/psikodramamerkezi.com\/index.php\/wp-json\/wp\/v2\/users\/1"}],"replies":[{"embeddable":true,"href":"https:\/\/psikodramamerkezi.com\/index.php\/wp-json\/wp\/v2\/comments?post=1660"}],"version-history":[{"count":1,"href":"https:\/\/psikodramamerkezi.com\/index.php\/wp-json\/wp\/v2\/pages\/1660\/revisions"}],"predecessor-version":[{"id":1661,"href":"https:\/\/psikodramamerkezi.com\/index.php\/wp-json\/wp\/v2\/pages\/1660\/revisions\/1661"}],"wp:attachment":[{"href":"https:\/\/psikodramamerkezi.com\/index.php\/wp-json\/wp\/v2\/media?parent=1660"}],"curies":[{"name":"wp","href":"https:\/\/api.w.org\/{rel}","templated":true}]}}