{"id":1656,"date":"2024-07-07T10:25:00","date_gmt":"2024-07-07T10:25:00","guid":{"rendered":"https:\/\/psikodramamerkezi.com\/?page_id=1656"},"modified":"2024-07-07T10:25:00","modified_gmt":"2024-07-07T10:25:00","slug":"yargiclar","status":"publish","type":"page","link":"https:\/\/psikodramamerkezi.com\/index.php\/yargiclar\/","title":{"rendered":"YARGI\u00c7LAR"},"content":{"rendered":"<section class=\"wpb-content-wrapper\">[vc_row][vc_column][vc_empty_space height=&#8221;50px&#8221;][vc_column_text]<strong>\u00a0 \u00a0 \u00a0 \u00a0 \u00a0 \u00a0 \u00a0 \u00a0 \u00a0 \u00a0 \u00a0 \u00a0 \u00a0 \u00a0 \u00a0 \u00a0 \u00a0 \u00a0 \u00a0 \u00a0 \u00a0 \u00a0 \u00a0 \u00a0 \u00a0 \u00a0 \u00a0 \u00a0 \u00a0 \u00a0 \u00a0 \u00a0 \u00a0 \u00a0 \u00a0 \u00a0 \u00a0 \u00a0 \u00a0 \u00a0 \u00a0 \u00a0 \u00a0 \u00a0 \u00a0 \u00a0 \u00a0 \u00a0 \u00a0 \u00a0 \u00a0 \u00a0 \u00a0 \u00a0 \u00a0 \u00a0 \u00a0 \u00a0 \u00a0 <\/strong><strong>YARGI\u00c7LAR<\/strong><\/p>\n<p>&nbsp;<\/p>\n<p>\u0130nsan\u0131n kendini mutlu hissetti\u011fi ve hayat\u0131n kolay g\u00f6r\u00fcnd\u00fc\u011f\u00fc ak\u015famlardan biri. Lale, \u00d6mer&#8217;i ak\u015fam yeme\u011fine davet etmi\u015ftir. Biraz \u015farap i\u00e7er, sessizce gecenin ilerleyi\u015fini ve uzakta beliren ilk \u0131\u015f\u0131klar\u0131 izlerler.<\/p>\n<p>Lale, bir anda ge\u00e7en grubun son geri bildirimlerini hat\u0131rlar. Her \u015fey a\u015fa\u011f\u0131 yukar\u0131 kendini ger\u00e7ekle\u015ftirme ve ki\u015finin ya\u015fam kararlar\u0131na rehberlik edebilecek de\u011ferleri bulmas\u0131yla ilgiliydi.<\/p>\n<p>\u2018Ben kimim ve kim olmak istiyorum?\u2019<\/p>\n<p>\u00d6z imaj kelimesi tekrar tekrar ortaya \u00e7\u0131km\u0131\u015ft\u0131.<\/p>\n<p>\u2018Neyi kabul etmeli ve neyi reddetmeli?\u2019<\/p>\n<p>\u2018Besleyici olan nedir? Peki ya zehirleyici olan?\u2019<\/p>\n<p>Filozoflar, gurular, ruhani liderler ve ak\u0131l hocalar\u0131ndan bahsedilmi\u015f ve al\u0131nt\u0131lar yap\u0131lm\u0131\u015ft\u0131. Ama sanki hepsi bo\u015funa. Sorular \u00f6ylece ortada kalm\u0131\u015ft\u0131. Lale hi\u00e7bir \u015fey s\u00f6ylemeden grubu da\u011f\u0131tm\u0131\u015f, sadece \u015funu s\u00f6ylemi\u015fti. &#8220;Yaln\u0131z de\u011filsiniz.&#8221; \u015eimdi yaln\u0131z de\u011fil ve \u00d6mer&#8217;e bakmaktayd\u0131. \u00d6mer ise kendi d\u00fc\u015f\u00fcncelerine dalm\u0131\u015ft\u0131.<\/p>\n<p>Zihninde bir g\u00f6r\u00fcnt\u00fc belirmeye ba\u015flar. Bir squash oyunu oynamaktad\u0131r, tek oyuncu kendisidir. Ve ayn\u0131 zamanda kortun d\u0131\u015f\u0131nda bir yerden kendini izleyen kad\u0131n da kendisidir. Toplar sa\u011fa sola z\u0131plamaktad\u0131r. Umutsuzca onlara vurmaya \u00e7al\u0131\u015f\u0131rken d\u0131\u015far\u0131daki kad\u0131n onun durmas\u0131n\u0131 ister.<\/p>\n<p>\u2018Bunun hi\u00e7bir sonucu olmayan tamamen faydas\u0131z bir oyun oldu\u011funu g\u00f6rm\u00fcyor mu?\u2019<\/p>\n<p>\u2018Belki sadece kondisyon antrenman\u0131d\u0131r?\u2019<\/p>\n<p>Ama hi\u00e7bir tatmin edici bir y\u00f6n\u00fc \u00a0yok ve kesinlikle e\u011flenceden yoksun bir etkinlik!<\/p>\n<p>&#8220;Kes \u015funu k\u0131z\u0131m!&#8221; diye ba\u011f\u0131r\u0131r Lale.<\/p>\n<p>\u00d6mer ba\u015f\u0131n\u0131 \u00e7evirir. &#8220;Ne dedin sen?&#8221; Anla\u015f\u0131lmaz bir ses \u00e7\u0131karm\u0131\u015f olmal\u0131 diye d\u00fc\u015f\u00fcn\u00fcr.<\/p>\n<p>&#8220;Biraz uyuklad\u0131m galiba&#8221; diye a\u00e7\u0131klar Lale.<\/p>\n<p>\u00d6mer \u015f\u00f6yle devam eder.<\/p>\n<p>&#8220;Ben sadece yarg\u0131\u00e7lar hakk\u0131nda d\u00fc\u015f\u00fcn\u00fcyordum. Psikodrama y\u00f6neticisi olarak hi\u00e7bir zaman zihnimizde yarg\u0131lara yer vermemliyiz. \u00d6nyarg\u0131lar\u0131m\u0131z da olmamas\u0131 gerekiyor. Bence ikimiz de bu kurallara uyuyoruz. En az\u0131ndan buna uygun davran\u0131yoruz diyelim. Bu tamam. Ama i\u00e7imizde her zaman s\u00f6z s\u00f6ylemeye haz\u0131r bir t\u00fcr yarg\u0131\u00e7 yok mu? Eminim o benim kim oldu\u011fumu bir dereceye kadar belirliyor.\u201d<\/p>\n<p>Lale g\u00fcl\u00fcmseyerek, &#8220;Benimki bir kad\u0131n yarg\u0131\u00e7. Onunla \u00e7aresizce m\u00fccadele etti\u011fim zamanlar oluyor. Mesela bana yarg\u0131layan sorular soruyor ve ben kendimi hakl\u0131 \u00e7\u0131karmak zorunda hissediyorum. \u201cBeni rahat b\u0131rak, git bir a\u011faca t\u0131rman!\u201d diye ba\u011f\u0131rmak istiyorum ama nafile. En ba\u015f\u0131ndan beri yarg\u0131lanm\u0131yor muyuz? S\u0131rf \u015fi\u015fman dememek i\u00e7in &#8220;Ne kadar g\u00fczel bir bebek, ne kadar iyi beslenmi\u015f&#8221; demiyor muyuz? Etraf\u0131m\u0131zdaki t\u00fcm o otoritelerin, anne babalar\u0131n, b\u00fcy\u00fckanne ve b\u00fcy\u00fckbabalar\u0131n, amcalar\u0131n ve teyzelerin, hepsinin bir s\u00f6z\u00fc var. Bazen ayn\u0131, bazen \u00e7eli\u015fkili, bazen de sa\u00e7ma. Ve biz kendimizi savunmak i\u00e7in \u00e7ok az donan\u0131ma sahibiz. Herhangi bir savunma hemen yarg\u0131lan\u0131r. Kendimizi tamamen hakl\u0131 hissedebiliriz ama davay\u0131 kaybederiz,&#8221; demi\u015fti.<\/p>\n<p>\u00d6mer araya girme ihtiyac\u0131 duymu\u015ftu.<\/p>\n<p>\u201cBu \u00e7ok ilgin\u00e7. Diyorsun ki, biz do\u011fru hissedebiliriz ama bu nereden geliyor? Demek ki kendimize ait bir yarg\u0131c\u0131m\u0131z var. Bunu bize kim \u00f6\u011fretti? Ba\u015fka bir yarg\u0131\u00e7 t\u00fcr\u00fc m\u00fc? Yoksa neyin do\u011fru neyin yanl\u0131\u015f oldu\u011funa dair bir hisle mi do\u011fuyoruz?&#8221;<\/p>\n<p>&#8220;Bilmedi\u011fimi biliyorum,&#8221; Lale Sokrates&#8217;ten al\u0131nt\u0131 yaparak s\u00f6ze devam etmi\u015fti. &#8220;A\u015f\u0131lanma ve bir s\u00fcr\u00fc budanma s\u00fcrecinden sonra \u015fu an oldu\u011fumuz hale geldik ve yarg\u0131\u00e7lar\u0131m\u0131z\u0131 yarg\u0131layabiliyoruz. Onlar\u0131n rollerini ne kadar \u00fcstlendik ve hangilerini \u00fcstlendik? Bu benim hayati derecede ilgimi \u00e7ekiyor. Bu, dedi\u011fin gibi, bir dereceye kadar benim kim oldu\u011fumdur. Kendimi y\u00f6netmek istedi\u011fim i\u00e7in temel bir yasaya uyan bir y\u00f6netici olmal\u0131y\u0131m ve bu nedenle bunu bilmeliyim. Benim temel yasalar\u0131m, anayasam nedir? O zaman gerek\u00e7elendirebilece\u011fim do\u011fru kararlar\u0131 alma \u015fans\u0131m olur ve buna ba\u011fl\u0131 olarak eylemlerimin sorumlulu\u011funu \u00fcstlenebilirim.&#8221;<\/p>\n<p>\u00d6mer\u2019in alk\u0131\u015flayarak Lale\u2019ye tebess\u00fcmle bakmas\u0131 Lale\u2019yi \u015fa\u015f\u0131rt\u0131r. \u00d6mer \u015f\u00f6yle devam etti s\u00f6zlerine, &#8220;Bravo, tek bir kad\u0131n\u0131n y\u00f6netti\u011fi demokratik egemen bir devlet olmak istedi\u011fini ilan etmi\u015f bulunuyorsun. Anayasa ve kuvvetler ayr\u0131l\u0131\u011f\u0131, yasama, yarg\u0131 ve y\u00fcr\u00fctme. \u0130ddial\u0131 bir giri\u015fim. Ben bununla ya\u015fayabilirim.&#8221;<\/p>\n<p>&#8220;Beni yarg\u0131lamaya ba\u015flama! Tamam, bu b\u00fcy\u00fck bir imge ama bana makul bir referans \u00e7er\u00e7evesi olarak hizmet ediyor. En az\u0131ndan benim i\u00e7 d\u00fcnyama uyuyor. &#8220;[\/vc_column_text][vc_empty_space height=&#8221;40px&#8221;][\/vc_column][\/vc_row]\n<\/section>","protected":false},"excerpt":{"rendered":"<p>[vc_row][vc_column][vc_empty_space height=&#8221;50px&#8221;][vc_column_text]\u00a0 \u00a0 \u00a0 \u00a0 \u00a0 \u00a0 \u00a0 \u00a0 \u00a0 \u00a0 \u00a0 \u00a0 \u00a0 \u00a0 \u00a0 \u00a0 \u00a0 \u00a0 \u00a0 \u00a0 \u00a0 \u00a0 \u00a0 \u00a0 \u00a0 \u00a0 \u00a0 \u00a0 \u00a0 \u00a0 \u00a0 \u00a0 \u00a0 \u00a0 \u00a0 \u00a0 \u00a0 \u00a0 \u00a0 \u00a0 \u00a0 \u00a0 \u00a0 \u00a0 \u00a0 \u00a0 \u00a0 \u00a0 \u00a0 \u00a0 \u00a0 \u00a0 \u00a0 \u00a0 [&hellip;]<\/p>\n","protected":false},"author":1,"featured_media":0,"parent":0,"menu_order":0,"comment_status":"closed","ping_status":"closed","template":"","meta":{"footnotes":""},"class_list":["post-1656","page","type-page","status-publish","hentry"],"_links":{"self":[{"href":"https:\/\/psikodramamerkezi.com\/index.php\/wp-json\/wp\/v2\/pages\/1656","targetHints":{"allow":["GET"]}}],"collection":[{"href":"https:\/\/psikodramamerkezi.com\/index.php\/wp-json\/wp\/v2\/pages"}],"about":[{"href":"https:\/\/psikodramamerkezi.com\/index.php\/wp-json\/wp\/v2\/types\/page"}],"author":[{"embeddable":true,"href":"https:\/\/psikodramamerkezi.com\/index.php\/wp-json\/wp\/v2\/users\/1"}],"replies":[{"embeddable":true,"href":"https:\/\/psikodramamerkezi.com\/index.php\/wp-json\/wp\/v2\/comments?post=1656"}],"version-history":[{"count":1,"href":"https:\/\/psikodramamerkezi.com\/index.php\/wp-json\/wp\/v2\/pages\/1656\/revisions"}],"predecessor-version":[{"id":1657,"href":"https:\/\/psikodramamerkezi.com\/index.php\/wp-json\/wp\/v2\/pages\/1656\/revisions\/1657"}],"wp:attachment":[{"href":"https:\/\/psikodramamerkezi.com\/index.php\/wp-json\/wp\/v2\/media?parent=1656"}],"curies":[{"name":"wp","href":"https:\/\/api.w.org\/{rel}","templated":true}]}}